p - 6/27?
1
Suppose -t - s + 515 = -553, -3*s = -2*t + 2141. What is the hundreds digit of t?
0
Suppose 2*b + 10 = 5*u, -b + 5*u + 0*u - 10 = 0. Suppose -o + 2*o - 4 = b. What is the units digit of o/(-10) + 243/45?
5
Suppose -2*f = h - 13, f + h - 14 + 5 = 0. Suppose 0*b - f*b - 147 = -p, 0 = 5*b - 5. What is the hundreds digit of p?
1
Let q = -288 - -384. Let v(w) = -w**3 - 55. Let r be v(0). Let o = r + q. What is the tens digit of o?
4
Let m(u) = 2*u**2 + u + 2. Let n be m(6). Suppose 5*z + n + 16 = 3*j, 0 = 5*j + 3*z - 160. What is the units digit of j?
2
Let s = -58 - -59. What is the tens digit of (5 - s - 4) + 87?
8
Let s be (-8 + -2)*12/(-4). Let y = -21 + s. Let b = 9 + y. What is the units digit of b?
8
Suppose -4*k - 20 = -3*k - 4*n, -5*k = -3*n + 15. Suppose k = -5*i - x + 1, 2*x = -5*i + 1 + 1. Suppose -4*b + 43 + 25 = i. What is the units digit of b?
7
Let j(x) = -72*x - 999. What is the tens digit of j(-18)?
9
Suppose -x + 74 = -3*v + 3*x, 0 = -3*x - 3. Let a be (-4)/v - 6/39. Suppose a = 5*o + 5 - 230. What is the units digit of o?
5
Suppose -5*l - 7*q + 1100 = -8*q, l - q = 224. What is the units digit of l?
9
Suppose 4*l = -4*o + 632, -3*l + 7*l = o - 143. What is the tens digit of o?
5
Let s(m) be the first derivative of -6*m - 7 + 1/2*m**2. What is the units digit of s(10)?
4
Suppose -2*a = 8, 4*r = -23*a + 21*a + 3964. What is the hundreds digit of r?
9
What is the hundreds digit of (-3 - -837)/(2/(3/3))?
4
Let u(n) be the second derivative of -n**5/20 + 5*n**4/6 + 5*n**3/3 + 11*n**2/2 + 2*n. Let w be u(11). Suppose 6 = 2*p - w. What is the units digit of p?
3
Suppose 20*y + 3006 = 21*y - 2*w, y + w = 3015. What is the thousands digit of y?
3
Let c be (-3)/(2/(-4)*2/(-41)). Let w = c - -257. What is the units digit of w?
4
Suppose -11*l + 18126 = -3786. What is the units digit of l?
2
Suppose 4*v - w - 4 = 3*w, -4*v - 5*w + 31 = 0. Suppose 5*y - 8*b + 6*b - 932 = 0, -4*b = v*y - 740. What is the units digit of y?
6
Let l(v) = 37*v**2 + 2*v - 2. Let z be 1/((-7 - -3)/(-4)). Let h be l(z). Suppose -5 + h = 4*r. What is the units digit of r?
8
Let n(m) = -2*m**3 - 14*m**2 + m + 145. What is the hundreds digit of n(-9)?
4
Suppose -9240 = 6*m - 18*m. What is the units digit of m?
0
Let z = 2 + 191. Suppose -q = -3*k - 96, 2*q + 0*q - 5*k = z. What is the units digit of q?
9
Let b = -111 + 164. Suppose 0 = a + 131 + b. What is the units digit of a/(-6)*(-21)/(-14)?
6
Suppose -16*t - 8*t = -18384. What is the hundreds digit of t?
7
Suppose x - 2*i + 5 = -13, -2*i - 78 = 3*x. Let a be (-6)/x - 1/4. Suppose 18 = 2*w - a. What is the units digit of w?
9
Let x(l) = -l - 11. Let m be x(-12). Let a be 2/((3 + -1)*m). What is the units digit of (-24)/9*-6*a?
6
Let f(y) = 3*y**2 - 3*y - 5. What is the units digit of f(-1)?
1
What is the units digit of ((-462)/(-4))/((-31)/(-124))?
2
Let k = 293 + -77. What is the units digit of k?
6
Suppose 3*c + d - 8 = 8, 5*c - 4*d = 21. Suppose x - 3*k = 2*x - 15, 19 = c*x + k. Suppose -4*j = 2*p - 50, 0*p = -x*p - j + 60. What is the tens digit of p?
1
Let k = -7 + 5. Let t = k - 10. Let m = t + 15. What is the units digit of m?
3
Let l(z) = z**3 - 10*z**2 + 11*z - 8. Let f be (1 - 0 - 1)/3. Suppose -2*v = 4, -3*v = -y - f*v + 15. What is the units digit of l(y)?
0
Let k(m) = 2*m + 3. Let r be k(-5). Let v(g) = -g + 6. Let c be v(-15). What is the tens digit of 762/c - (-2)/r?
3
What is the tens digit of (-12)/(-10)*(-11)/44*-1930?
7
What is the tens digit of ((-116)/87)/((-6)/2169)?
8
Suppose 4*s - 736 - 2012 = 0. What is the hundreds digit of s?
6
Let o = 15 - 17. Let w be o - 3/(-6)*10. What is the units digit of w*(5 - (-3 + 4))?
2
Suppose -5*g - m = -6*m - 2560, -502 = -g - 4*m. Let o = g - 361. What is the tens digit of o?
4
Let b be (7/(-2))/(1/(-2)). Let i be ((-4)/(-7))/(b/49). Suppose 0*g - 232 = -i*g. What is the units digit of g?
8
Let v = -363 + 1321. What is the units digit of v?
8
Suppose g - 3*g - 6 = 0, k = 4*g - 8. Let v = k + 50. What is the tens digit of v?
3
Suppose 6*f = 3*o + f - 1, -5*o + 15 = 5*f. Suppose -o = -2*i + 2. Suppose -12 = -i*c - 0*c. What is the units digit of c?
6
Let s = 1955 + -1570. What is the hundreds digit of s?
3
Suppose -2*d - 43 = 41. What is the tens digit of 558/5 + d/70?
1
What is the tens digit of 84 - ((-11)/(-2))/11*-14?
9
Let v(o) = 151*o**2 - 2*o - 4. What is the units digit of v(-2)?
4
Let d = 103 - -1. Suppose 3*j = -4*g + 204, -2*g - 2*j + 0*j = -d. What is the tens digit of g?
4
Suppose 2*a = 1 + 5. Suppose -a*q + 4*w + 29 - 164 = 0, -202 = 5*q + w. Let m = -28 - q. What is the tens digit of m?
1
Let o = 69 + -33. Let p = 159 + o. What is the hundreds digit of p?
1
What is the hundreds digit of (-5 - (-56)/12) + (-1519)/(-3)?
5
Let w be (-419)/(-4) - ((-18)/8 - -2). Suppose -6*z + w = -5*z. What is the units digit of z?
5
Let p(m) = 6*m**2 + 19*m + 3. Let r(k) = 3*k**2 + 9*k + 2. Let c(s) = -2*p(s) + 5*r(s). Let g be ((-3)/(-3))/(1/(-4)). What is the units digit of c(g)?
4
Let a be 1 + 5*2*2. Suppose 5*n - 120 = -7*n. Let r = a + n. What is the units digit of r?
1
Let s = 437 - 297. Suppose 2*b + 16 = s. What is the units digit of b?
2
Suppose -f = -5*j - 10 - 11, -3*f - 3*j = -99. Suppose -s + 113 = f. What is the tens digit of s?
8
Suppose -4*s + 17 + 3 = 0. Suppose l = 3*l - 4*g - 8, s*g + 25 = -5*l. What is the tens digit of 24 + (9/(-3) - l)?
2
Let v = 125 + -127. What is the units digit of ((-164)/(-4 - -6))/(v/5)?
5
Let g be 3 + (-5)/(15/159). Let h = g - -83. What is the tens digit of h?
3
Suppose -4*z + 38 = l + l, -4*z = -l - 23. Suppose -2*w - 220 = -z*w. What is the tens digit of w?
4
Suppose -3*n = -f - 1844, 4*n - 4*f + 787 - 3259 = 0. What is the tens digit of n?
1
Suppose 20*s = 23*s - 2976. What is the units digit of s?
2
Suppose 0 = g - 554 + 97. What is the units digit of g?
7
Let f(l) = l + 24. Let u(o) = o**2 - 5*o + 4. Let g be u(4). What is the units digit of f(g)?
4
Suppose 9*z - 8*z = 0. Let a(o) = 0*o**3 - 4 + 52 + o + o**3. What is the units digit of a(z)?
8
What is the hundreds digit of -4 + (-11165)/(-25) - (-6)/15?
4
Let j(x) = -x**2 - 25*x - 74. What is the tens digit of j(-14)?
8
Let c = 108 - 115. What is the units digit of (c/28 - (-82)/8)*6?
0
Let w(l) = 163*l**2 + 69*l + 142. What is the tens digit of w(-2)?
5
Suppose -c + 3*c - 398 = -3*y, -5*c + 124 = y. What is the hundreds digit of y?
1
Let b(m) = 2*m**2 + 4*m + 18. Let c be b(-3). Suppose -c*x = -13*x - 385. What is the tens digit of x?
3
Let o(u) = -u**3 - 4*u**2 - 13*u - 67. What is the tens digit of o(-6)?
8
Suppose 0*v = 5*v + 160. Let f = v + 32. Suppose x - 3*y - 40 = f, 2*y + 30 = 2*x - 30. What is the tens digit of x?
2
Let u(s) = 16*s + 14. Let a be u(3). Suppose 0*p + p = -x + 44, -a = -p + 5*x. What is the tens digit of p?
4
Suppose -4*j + o + 4 = -3*o, -2*j + 4*o = 0. Suppose 106 = -j*b - 3*h + 357, 5*b - 5*h - 640 = 0. What is the hundreds digit of b?
1
Let r(j) = 49*j**3 + j**2 - 2*j + 1. Let c = -12 + 14. Suppose 1 = c*s - 1. What is the units digit of r(s)?
9
Suppose 4*r + 2*u = 0, -2*u + 7 = 3. Let x(m) = 19*m**2 - 3*m - 1. What is the units digit of x(r)?
1
Suppose t - 1615 = 194*x - 190*x, 3*t - 3*x - 4818 = 0. What is the thousands digit of t?
1
Let d(o) = 13*o**2 - 1. Let s = -9 - -10. Let l be d(s). Suppose -l - 36 = -3*w. What is the tens digit of w?
1
Suppose 0 = -7*m + 5*m + 4. Suppose 0 = -x - o - 2, 4*x + 8 = -o - o. What is the units digit of (m - x) + -2 - -32?
4
Suppose -15 - 205 = 22*t. Suppose 5*l = -2*h + 138, 3*h + 2*h + 89 = 3*l. Let j = l + t. What is the tens digit of j?
1
Suppose 0 = -s + 2*s - 4*m, 3*s + 5*m = 34. Let v = -4 - -2. What is the units digit of (s - -1) + 6/v?
6
Let k = 6423 - 3886. What is the units digit of k?
7
Suppose 0 = -2*m, u - 5*m - 173 = -4*m. What is the hundreds digit of u?
1
Let d = 2370 + -1645. What is the units digit of d?
5
Let k(u) = u. Let m be k(2). Suppose -m*o - 1 = -9. Let s = o - -7. What is the units digit of s?
1
Let r be 8/(-4 - -2) + 86. What is the units digit of (-2 - (2 - 6)) + -5 + r?
9
Let f be -1 + (2 - (4 + -31)). Suppose k - 10 = -k + 5*m, -4*k - 5*m = 10. Let d = f - k. What is the tens digit of d?
2
Suppose -2*v - 14 = 4*a - 0*a, -2*a = -2*v - 8. Let u(c) = 